{"id":4,"date":"2017-02-27T14:56:44","date_gmt":"2017-02-27T13:56:44","guid":{"rendered":"https:\/\/lavoixestlibre.be\/test\/?page_id=4"},"modified":"2026-02-09T15:09:06","modified_gmt":"2026-02-09T14:09:06","slug":"accueil","status":"publish","type":"page","link":"https:\/\/lavoixestlibre.be\/","title":{"rendered":"Accueil"},"content":{"rendered":"\n<div class=\"wp-block-group\"><div class=\"wp-block-group__inner-container is-layout-flow wp-block-group-is-layout-flow\">\n<p style=\"color:#bd5a3b\" class=\"has-text-color has-medium-font-size\">                                               <\/p>\n\n\n\n<blockquote class=\"wp-block-quote is-layout-flow wp-block-quote-is-layout-flow\"><p>Arriv\u00e9e \u00e0 l\u2019\u00e2ge de la retraite, la chanteuse laisse doucement la place \u00e0 la chantre, accompagnant les rituels dans toutes les \u00e9tapes de la vie. <\/p><\/blockquote>\n\n\n\n<p><\/p>\n\n\n\n<p><\/p>\n\n\n\n<p><\/p>\n\n\n\n<p><img loading=\"lazy\" decoding=\"async\" class=\"alignleft wp-image-109 size-medium\" src=\"https:\/\/lavoixestlibre.be\/wp-content\/uploads\/2017\/02\/photo-2016-300x200.jpg\" alt=\"\" width=\"300\" height=\"200\" srcset=\"https:\/\/lavoixestlibre.be\/wp-content\/uploads\/2017\/02\/photo-2016-300x200.jpg 300w, https:\/\/lavoixestlibre.be\/wp-content\/uploads\/2017\/02\/photo-2016-768x512.jpg 768w, https:\/\/lavoixestlibre.be\/wp-content\/uploads\/2017\/02\/photo-2016-1024x683.jpg 1024w, https:\/\/lavoixestlibre.be\/wp-content\/uploads\/2017\/02\/photo-2016-1200x800.jpg 1200w\" sizes=\"auto, (max-width: 300px) 100vw, 300px\" \/><\/p>\n<p><\/p>\n<div class=\"mceTemp\"><strong>Aller \u00e0 la rencontre de sa voix<br>Pr\u00e9paration&nbsp;\u00e0&nbsp;la naissance<br>Cours de chant<br>Ateliers&nbsp;de&nbsp;groupe<br>Stages<\/strong><\/div>\n<p><strong>Avec Anne QUINTIN<\/strong><\/p>\n<p><\/p>\n<p><\/p>\n<p style=\"text-align: left;\"><strong><em>Vous souhaitez\u2026<\/em><\/strong><\/p>\n<p><strong><em>Respirer, souffler un grand coup<\/em><\/strong><br><strong><em>Sentir comment vous mettez votre voix en oeuvre<\/em><\/strong><br><strong><em>Tout simplement la m\u00e9nager, l&rsquo;entretenir<\/em><\/strong><br><strong><em>Vous offrir une rencontre intime avec votre voix<\/em><\/strong><br><strong><em>L&rsquo;inviter \u00e0 r\u00e9-habiter tout le corps<\/em><\/strong><br><strong><em>Explorer toute son \u00e9tendue, l&rsquo;\u00e9toffer de nouvelles sonorit\u00e9s<\/em><\/strong><br><strong><em>D\u00e9nouer les tensions qui la freinent et, du coup,<\/em><\/strong><br><strong><em>lib\u00e9rer de nouveaux espaces de r\u00e9sonance<\/em><\/strong><br><strong><em>Accueillir le flux des \u00e9motions qui s&rsquo;\u00e9coule \u00e0 travers elle<\/em><\/strong><br><strong><em>Cultiver le plaisir de parler, mieux encore,<\/em><\/strong><br><strong><em>de chanter avec un instrument bien accord\u00e9<\/em><\/strong><br><strong><em>Renouer, au passage, avec une expression et une communication plus juste<\/em><\/strong><br><em style=\"font-weight: bold;\">\u2026 vous avez raison,<\/em>&nbsp;<strong><em>parce que c&rsquo;est bon&nbsp;!<\/em><\/strong><strong>&nbsp; &nbsp; &nbsp; &nbsp;&nbsp;&nbsp; &nbsp; &nbsp; &nbsp; &nbsp; &nbsp; &nbsp; &nbsp; &nbsp; &nbsp; &nbsp; &nbsp; &nbsp; &nbsp; &nbsp; &nbsp; &nbsp; &nbsp; &nbsp; &nbsp; &nbsp; &nbsp; &nbsp; &nbsp; &nbsp; &nbsp; &nbsp; &nbsp; &nbsp; &nbsp;<\/strong><\/p>\n<p><strong>&nbsp; &nbsp; &nbsp; &nbsp; &nbsp; &nbsp; &nbsp; &nbsp; &nbsp; &nbsp; &nbsp; &nbsp; &nbsp; &nbsp; &nbsp; &nbsp; &nbsp; &nbsp; &nbsp; &nbsp; &nbsp; &nbsp; &nbsp; &nbsp; &nbsp;&nbsp;<\/strong><\/p>\n<\/div><\/div>\n\n\n\n<p><\/p>\n","protected":false},"excerpt":{"rendered":"<p>Arriv\u00e9e \u00e0 l\u2019\u00e2ge de la retraite, la chanteuse laisse doucement la place \u00e0 la chantre, accompagnant les rituels dans toutes les \u00e9tapes de la vie. Aller \u00e0 la rencontre de [&hellip;]<\/p>\n","protected":false},"author":1,"featured_media":0,"parent":0,"menu_order":0,"comment_status":"closed","ping_status":"closed","template":"","meta":{"footnotes":""},"class_list":["post-4","page","type-page","status-publish","hentry"],"_links":{"self":[{"href":"https:\/\/lavoixestlibre.be\/index.php\/wp-json\/wp\/v2\/pages\/4","targetHints":{"allow":["GET"]}}],"collection":[{"href":"https:\/\/lavoixestlibre.be\/index.php\/wp-json\/wp\/v2\/pages"}],"about":[{"href":"https:\/\/lavoixestlibre.be\/index.php\/wp-json\/wp\/v2\/types\/page"}],"author":[{"embeddable":true,"href":"https:\/\/lavoixestlibre.be\/index.php\/wp-json\/wp\/v2\/users\/1"}],"replies":[{"embeddable":true,"href":"https:\/\/lavoixestlibre.be\/index.php\/wp-json\/wp\/v2\/comments?post=4"}],"version-history":[{"count":55,"href":"https:\/\/lavoixestlibre.be\/index.php\/wp-json\/wp\/v2\/pages\/4\/revisions"}],"predecessor-version":[{"id":620,"href":"https:\/\/lavoixestlibre.be\/index.php\/wp-json\/wp\/v2\/pages\/4\/revisions\/620"}],"wp:attachment":[{"href":"https:\/\/lavoixestlibre.be\/index.php\/wp-json\/wp\/v2\/media?parent=4"}],"curies":[{"name":"wp","href":"https:\/\/api.w.org\/{rel}","templated":true}]}}